
Is 1308 a factor of 1175598482?
False
Does 105 divide 10638810?
True
Does 236 divide 1235286068?
True
Is 68411875 a multiple of 35?
True
Does 19 divide 1075521364?
False
Does 2712 divide 171216696?
True
Is 7295222 a multiple of 223?
True
Is 104 a factor of 362521223?
False
Is 10308720 a multiple of 120?
True
Does 30 divide 68289723?
False
Does 21 divide 115735473?
True
Does 1755 divide 79805115?
True
Does 183 divide 32016056?
False
Does 976 divide 1160392419?
False
Is 18227732 a multiple of 257?
False
Is 12 a factor of 637995672?
True
Is 18 a factor of 114502212?
True
Is 8 a factor of 5340864?
True
Is 89 a factor of 25714712?
False
Is 58 a factor of 23878079?
False
Is 7412471 a multiple of 126?
False
Does 85 divide 623379259?
False
Does 14 divide 27674241?
False
Is 77217448 a multiple of 77?
True
Is 115504005 a multiple of 155?
False
Is 151639346 a multiple of 541?
False
Does 35 divide 329547820?
True
Does 757 divide 1751956894?
True
Does 71 divide 73186232?
True
Is 43278474 a multiple of 21?
False
Is 6217020 a multiple of 108?
True
Is 106255125 a multiple of 75?
True
Is 1033 a factor of 37036386?
False
Is 1454996504 a multiple of 26?
True
Does 78 divide 20861958?
True
Is 3914808003 a multiple of 27?
True
Does 8 divide 9186021?
False
Is 1821582 a multiple of 7?
True
Does 41 divide 179761896?
False
Is 542 a factor of 30907550?
True
Is 997162288 a multiple of 16?
True
Is 556 a factor of 16414788?
True
Does 337 divide 1955051243?
True
Is 46923521 a multiple of 549?
False
Is 1117 a factor of 3109204127?
True
Is 546888507 a multiple of 11?
True
Does 15 divide 12284745?
True
Is 126938016 a multiple of 48?
True
Does 904 divide 21570344?
True
Does 8 divide 250585573?
False
Does 37 divide 658914942?
False
Does 327 divide 83756322?
False
Is 2314613079 a multiple of 171?
True
Does 8 divide 317045272?
True
Is 330 a factor of 341761133?
False
Is 386 a factor of 1991374?
True
Is 495 a factor of 250415911?
False
Is 237016395 a multiple of 2265?
True
Does 9 divide 22445226?
True
Does 123 divide 1504181760?
True
Is 550 a factor of 125624046?
False
Is 3165799 a multiple of 10?
False
Is 15 a factor of 8880255?
True
Does 16 divide 47864528?
True
Is 8 a factor of 22742753?
False
Does 1342 divide 158904878?
True
Is 66608500 a multiple of 10?
True
Is 15 a factor of 1092960?
True
Is 3522555 a multiple of 283?
False
Is 60265976 a multiple of 15?
False
Is 23 a factor of 3271382?
True
Does 225 divide 5300550?
True
Does 2940 divide 1085841960?
True
Is 5401714 a multiple of 20?
False
Is 356191216 a multiple of 613?
False
Does 123 divide 43626501?
True
Is 786916707 a multiple of 5480?
False
Is 70 a factor of 86227610?
True
Does 706 divide 119237046?
True
Does 100 divide 15498700?
True
Does 201 divide 204358107?
True
Is 817 a factor of 1506041?
False
Does 90 divide 631620?
True
Is 2 a factor of 14599900?
True
Is 36 a factor of 38489429?
False
Is 31 a factor of 18723163?
True
Is 193978406 a multiple of 1453?
True
Does 222 divide 2002026?
False
Does 28 divide 80682158?
False
Is 5 a factor of 834747698?
False
Does 69 divide 34517526?
True
Is 489 a factor of 1395495581?
False
Is 116590285 a multiple of 102?
False
Does 406 divide 1043410420?
False
Does 3 divide 15451164?
True
Is 64528696 a multiple of 191?
False
Does 285 divide 3257895848?
False
Does 324 divide 74106500?
False
Is 174214608 a multiple of 12?
True
Is 888 a factor of 33425840?
False
Is 148581333 a multiple of 9?
True
Is 81792078 a multiple of 2777?
False
Is 232627399 a multiple of 11?
False
Does 69 divide 370164921?
True
Does 438 divide 55467444?
True
Does 8 divide 202613952?
True
Is 29809536 a multiple of 146?
False
Is 45548277 a multiple of 587?
False
Does 1378 divide 775714784?
True
Is 2666 a factor of 17819419?
False
Is 530 a factor of 138890863?
False
Is 107109600 a multiple of 60?
True
Is 3021 a factor of 286239305?
False
Is 860937 a multiple of 1818?
False
Is 136431574 a multiple of 1063?
False
Does 917 divide 400397807?
False
Is 764772270 a multiple of 564?
False
Is 300 a factor of 84764700?
True
Is 34166478 a multiple of 71?
True
Does 199 divide 389241893?
False
Is 1591 a factor of 31086549?
True
Is 7668138 a multiple of 1446?
True
Is 11 a factor of 36348840?
True
Is 40879730 a multiple of 170?
True
Is 41630047 a multiple of 49?
False
Is 4221449 a multiple of 1115?
False
Does 305 divide 365175450?
False
Does 9951 divide 1525179845?
False
Is 36 a factor of 1014692580?
True
Does 2103 divide 541341642?
True
Is 55326431 a multiple of 23?
True
Is 225 a factor of 808275754?
False
Is 255923524 a multiple of 1541?
False
Is 332793541 a multiple of 73?
False
Is 861958282 a multiple of 718?
True
Is 887 a factor of 23318343?
True
Does 5 divide 108903599?
False
Is 26450180 a multiple of 212?
True
Is 9225542 a multiple of 419?
True
Is 542 a factor of 637400672?
True
Is 18 a factor of 303184476?
True
Is 12 a factor of 67728552?
True
Is 942 a factor of 189384590?
False
Is 750881378 a multiple of 1448?
False
Does 424 divide 269383097?
False
Is 4551 a factor of 861925821?
False
Is 4123980 a multiple of 60?
True
Does 6361 divide 474091845?
False
Is 96680320 a multiple of 155?
True
Does 34 divide 78806594?
True
Is 212453679 a multiple of 251?
True
Is 49 a factor of 146116493?
False
Does 45 divide 49730114?
False
Is 8023607658 a multiple of 11?
True
Is 96191104 a multiple of 8?
True
Is 35355327 a multiple of 11?
False
Is 1441454 a multiple of 36?
False
Does 80 divide 20238016?
False
Does 4808 divide 24741968?
True
Is 13 a factor of 21883025?
False
Is 477 a factor of 22151403?
True
Is 28 a factor of 31717365?
False
Is 216927530 a multiple of 451?
False
Is 23415171 a multiple of 13?
True
Is 154629900 a multiple of 50?
True
Is 824833143 a multiple of 7992?
False
Is 652 a factor of 9403144?
True
Is 20956266 a multiple of 414?
True
Is 1030 a factor of 53558117?
False
Does 123 divide 730231197?
True
Is 2 a factor of 3884156?
True
Does 28 divide 168108668?
True
Is 308 a factor of 217846552?
True
Is 80811104 a multiple of 946?
True
Is 15173360 a multiple of 40?
True
Is 28 a factor of 56046646?
False
Does 25 divide 13978434?
False
Is 494365580 a multiple of 5?
True
Is 15175 a factor of 2257129500?
True
Is 13968555 a multiple of 109?
False
Is 20 a factor of 1082862559?
False
Does 1049 divide 16686443?
True
Is 137 a factor of 8078202?
False
Does 79 divide 5416872?
True
Is 8397 a factor of 2928396199?
False
Does 15 divide 13026480?
True
Does 1070 divide 515537770?
True
Is 254 a factor of 1033298089?
False
Does 156 divide 330355788?
False
Is 2814020707 a multiple of 14?
False
Does 17 divide 2212159?
True
Is 15736868 a multiple of 79?
False
Is 14894376 a multiple of 533?
False
Is 50 a factor of 109591600?
True
Is 70 a factor of 386196230?
True
Does 51 divide 1669154877?
True
Does 2 divide 77076243?
False
Does 1123 divide 66080436?
False
Is 4323130130 a multiple of 55?
True
Is 14 a factor of 17285408?
True
Is 1534990289 a multiple of 37?
False
Is 175 a factor of 789113150?
True
Is 26 a factor of 133358766?
False
Does 1485 divide 451224675?
True
Does 117 divide 1594633183?
False
Is 1398012 a multiple of 21?
True
Does 29 divide 37326876?
False
Is 761772 a multiple of 4?
True
Is 37748280 a multiple of 4?
True
Is 1957964922 a multiple of 41?
True
Is 227 a factor of 135211642?
True
Does 12 divide 23693309?
False
Does 13 divide 704829034?
True
Is 23 a factor of 50992131?
False
Is 10145652 a multiple of 362?
False
Is 115 a factor of 847099775?
True
Does 940 divide 282852580?
True
Does 8 divide 124306255?
False
Is 272765871 a multiple of 5943?
True
Is 814 a factor of 56496496?
False
Is 36125180 a multiple of 35?
True
Is 12001823 a multiple of 284?
False
Is 285312888 a multiple of 49?
True
Does 2962 divide 500921044?
False
Does 70 divide 474236700?
True
Is 199166938 a multiple of 41?
False
Is 54023775 a multiple of 335?
True
Is 2448361833 a multiple of 65?
False
Is 189843048 a multiple of 24?
True
Is 149 a factor of 5716527?
False
Is 4 a factor of 4446544?
True
Is 12261288 a multiple of 26?
True
Does 528 divide 61960121?
False
Is 46231400 a multiple of 11?
False
Is 49497669 a multiple of 2?
False
Does 123 divide 22743315?
True
Is 1061745907 a multiple of 2?
False
Does 33 divide 68886642?
True
Does 121 divide 1276336?
False
Does 102 divide 52123